?
False
Let l = 6 - 4. Suppose 2*k = 2*i - l*k - 88, 4*i + 5*k = 163. Let h = i - -35. Is h a composite number?
True
Let t(l) = l**3 + 2*l**2 + 3*l - 3. Let d be t(6). Let o be 14/(3 - (-75)/(-24)). Let m = d + o. Is m a prime number?
True
Let x(j) = -j**3 + 3*j**2 + 5*j + 2. Suppose 0 = 4*r - 5*r - 1. Let p be (2 - -2)*(2 + r). Is x(p) a composite number?
True
Let k(j) = 2*j - 5. Let i(h) = -h. Let l(v) = 3*i(v) - k(v). Is l(-6) a composite number?
True
Let i = -675 - -1180. Suppose 298 = 3*r + 4*x, -6*r - 5*x = -r - i. Let z = 161 - r. Is z prime?
False
Is (-60)/40 - 761/(-2) a prime number?
True
Let n(u) = -u**3 - 20*u**2 - 19*u + 7. Is n(-19) a composite number?
False
Let k be -12*((-6)/(-9))/(-2). Suppose 0*z = z - 4. Suppose 3*v + 60 = 3*o - 147, -k*o + 292 = z*v. Is o a prime number?
True
Let x = -295 - -1172. Is x a prime number?
True
Let z be (8/6)/(4/(-12)). Let i = 4 + z. Is (2 + i + -1)*37 a prime number?
True
Suppose 0 = -0*m + m - 2. Is (-65 - (m - 0))*-1 a composite number?
False
Let z = -1010 + 1776. Is z prime?
False
Let h(p) = p**2 + p + 635. Is h(0) composite?
True
Is 1211/14 - (-1)/2 prime?
False
Let i(a) = -a**3 + 11*a**2 - 12*a + 1. Suppose 4*s - 65 - 79 = 0. Suppose 5*h - h = s. Is i(h) prime?
False
Suppose -7*a + 4*a + 15 = 0. Suppose x = 2*k + 633, -3158 = -0*x - a*x + 3*k. Is x a prime number?
True
Let k = -4 + 5. Let n be (k - 0)/(3/6). Suppose 63 = 3*f + n*x, 2*f - f + 2*x = 21. Is f composite?
True
Suppose -2*n = 6*v - 5*v - 9423, 5*v + 14128 = 3*n. Is n prime?
False
Let z(d) = 5*d - 2*d + 3 - 10*d**2 + 18*d**2 + 27*d**2. Let l be z(4). Suppose v + 4*v = l. Is v composite?
True
Suppose r = 2*r. Suppose 57 = 3*x - r*x. Is x prime?
True
Let v = -3364 - -7955. Suppose -r = -2*r + 3*i + 923, -v = -5*r + 3*i. Is r a composite number?
True
Suppose -2*q - 4 = -14. Suppose q*j = -259 + 1279. Suppose -6*n + 2*n = -j. Is n prime?
False
Let n = -28 + 17. Is (n - -1)/(6/(-111)) prime?
False
Let h(t) = t**2 - 6*t + 10. Let s be h(9). Suppose -m = -2*y - s, 173 = 5*m - y - 3*y. Is m a prime number?
False
Let m(r) = r**2 + 2*r + 9. Is m(8) a composite number?
False
Let b(v) = v + 11. Let g be b(-8). Let c(m) = 4*m + 190*m**2 + 102*m**2 - 2*m - g*m. Is c(-1) a composite number?
False
Let x(n) = n + 37. Suppose 0 = 5*c + 4*i + 16, -3 = 3*c + 2*i + 5. Is x(c) a prime number?
True
Let m be (-2 - -7)/((-2)/184). Is m/(-4) + 0/(-1) prime?
False
Let u(r) = 2*r**2 - 8*r + 13. Is u(7) prime?
False
Let c(h) = h**3 + 7*h**2 + 1. Let p be (-2 - (-12)/9)*-3. Suppose -2*x - 22 = 3*u, -5*u + p*u - 3*x - 24 = 0. Is c(u) a composite number?
False
Suppose -2*m = u - 810, 4*u - u + 5*m = 2435. Suppose r - u = -r. Suppose -5*q - 3*v + 404 = 0, 2*v = -5*q - 3*v + r. Is q a composite number?
False
Let m = 35 - -134. Let n = m + -40. Is n a composite number?
True
Suppose z = 4*z - 345. Let n = -2 + z. Is n composite?
False
Let h = -70 + 215. Is h a composite number?
True
Suppose 2*y + y = 0. Let r(g) = -3*g + 22 + 2*g - 3. Is r(y) a composite number?
False
Is 1004/(-4)*(3 + -4) a prime number?
True
Let u(d) = -13 + 3 + 10*d - 8*d - 3*d. Let l be u(-9). Is (-235)/(-4) + l/(-4) a prime number?
True
Suppose 7 + 3 = -4*k + w, 2*w = 4*k + 12. Is (-37)/k*(0 + 2) a prime number?
True
Let m be (-12)/(-5) + 4/(-10). Let p(w) = 0*w - m*w + 1 + w. Is p(-5) a composite number?
True
Suppose 4*n = -97 + 517. Suppose 2*x - 3*q - 19 = 10, -5*x + q = -n. Is x prime?
False
Suppose -x - 222 = -4*x. Is x prime?
False
Suppose 0*j - 5*j = -2515. Suppose 4*f + 187 = j. Is f prime?
True
Suppose -2*x + 149 = b - 0*b, 3*x - 220 = 2*b. Is x prime?
False
Let m(g) = -g - 9. Let y = -44 - -31. Let h be m(y). Is ((-471)/12)/(-1)*h prime?
True
Let y be (1 - 6)*(-44)/5. Is y - (-3*2 + 3) a prime number?
True
Suppose -2*x + 182 = -84. Is x prime?
False
Suppose 2*j = 4*r - 1730, 2*j - 2161 = -5*r + 4*j. Is r a composite number?
False
Let o(g) = -6*g**2 + 3*g**2 + 7 + 4*g**2 + 13*g. Is o(-13) prime?
True
Let y = 81 + -47. Is y prime?
False
Suppose -3*s + 765 = 6*s. Is s prime?
False
Let d be ((-14)/(-3))/(20/30). Suppose 26 = l + d. Is l a prime number?
True
Let i be (-2 - -3)/(2/(-804)). Is (-2)/(-3)*i/(-4) prime?
True
Let b be 24/(-16)*(-8)/6. Suppose b*o = 42 - 152. Is (o + 4)*(-7)/3 prime?
False
Let j(i) = i**2 + 8*i + 4. Let v be j(-7). Is (-1)/((-2)/1108) + v composite?
True
Suppose 4*b - 786 = -3*u + b, -4*b + 781 = 3*u. Suppose -u = -4*d + 93. Suppose 5*y - 449 = -2*g, 0 = 2*y + 2*g - d - 86. Is y a prime number?
False
Let c = 100 + 49. Is c prime?
True
Let v = 16 - 9. Let w = v + -3. Suppose -t - 5*k + 24 = 0, 2*t + w*k + 53 = 5*t. Is t a prime number?
True
Let v(r) = -r + 4. Let j be v(8). Is -149*-2*(-2)/j a composite number?
False
Suppose 3*v + 218 = 2*j, -2*j = 2*j - 5*v - 438. Let o be (-4)/6 + j/(-12). Is (o/(-8))/(2/88) composite?
True
Suppose 5*j + 4*n - 16 = 0, j + 3*j - 4*n + 16 = 0. Let x be 2 + (j/1)/2. Suppose 29 = x*b + 5*w, -5*b + 20 = -4*w - w. Is b a prime number?
True
Let d = 20 + -16. Suppose x = -h + 96, -h - x = -3*h + 180. Suppose -3*z - d*t = z - 344, -z + 5*t + h = 0. Is z a prime number?
False
Let y(b) = -b - 2. Let a be y(-3). Let z(l) = 51*l**2 - l. Let n be z(a). Suppose 3*h + 4*x + n = 671, 624 = 3*h + 3*x. Is h prime?
True
Let a(p) = p**3 + p**2 + 7*p - 8. Let u be a(7). Suppose 5*t - 4*y = 369, -5*t = 3*y - u + 36. Is t a composite number?
True
Suppose -2*b = 2*i + 146, -9*i = -4*i + 2*b + 374. Is (12/(-48))/(1/i) a prime number?
True
Suppose -o + 3 = 2*a, -2*a = -o - 4 - 5. Suppose -2*t - q = -175, -362 = -a*t + 5*q - 106. Is t a composite number?
True
Let k(z) = -11*z - 1. Let y(c) = -c**3 + 5*c**2 + 5*c + 5. Let l = -3 + 9. Let i be y(l). Is k(i) a prime number?
False
Let i(q) = q**3 - 3*q**2 + 4*q + 2. Let r = -17 - -24. Let l be i(r). Let d = -99 + l. Is d composite?
False
Let y be -1 - 0 - 10/5. Let c = y - 1. Is 218/4*c/(-2) prime?
True
Let q = -654 + 1085. Is q composite?
False
Suppose -7*c = -6*c. Suppose -4*w + c*w - 164 = 0. Is w/(-3) - 1/(-3) a composite number?
True
Let b(y) = -y**3 + 5*y**2 - 2*y - 5. Let s be b(4). Let l = -3 + s. Is (-310)/(-6)*(l + 3) composite?
True
Suppose -5*k + 6*k = 299. Is k prime?
False
Suppose -2*q + 5 + 20 = 5*z, -z + 4*q - 17 = 0. Let t be 3/z + -2 + 37. Let f = -11 + t. Is f prime?
False
Suppose 3*z + 4*k - 182 = 0, 0*z + k = 2*z - 114. Let s be (-2 - (-1)/1) + z. Suppose -4*o = -o - s. Is o a prime number?
True
Is (0 + -1 - -2)*5557 composite?
False
Let q(i) = 151*i**2 - 6*i - 6. Is q(-5) composite?
True
Let z be ((-3)/(-2) + -2)*8. Let b(l) = -l + 1. Let t be b(z). Is (-142)/8*(t + -9) composite?
False
Is 6/2 + 177 - 2 prime?
False
Let j(m) = -m**3 - 7*m**2 + 7*m - 1. Let f be j(-8). Let c = f - 4. Is (26/(-5))/(c/(-15)) prime?
False
Suppose -5*y = 4*o - 22, y + 9 = o + 4*y. Suppose -5*t = c - 122, -3*c + o*t = t - 281. Is c composite?
False
Let h = -37 - -51. Is h composite?
True
Let x be (-5 + 2)/(3/(-2)). Suppose -2*w + 4*s = 2*w - 296, 10 = x*s. Is w composite?
False
Suppose 3*m - 7 - 5 = 0, 0 = 2*i - 2*m - 6582. Is i prime?
False
Is 254*1 + 5 + -8 prime?
True
Let f = 119 - 50. Is f composite?
True
Suppose 4*j = 2*j - 20. Let h = j + 10. Suppose h = u - 3*u + 434. Is u composite?
True
Let n(z) = 547*z - 6. Is n(5) a prime number?
True
Let f = 6389 - 4344. Is f a composite number?
True
Let r(b) = -b**3 - 4*b**2 + 5*b + 4. Let c be r(-5). Suppose y = -2*z - z + 16, -3*y + 113 = -c*z. Is y a composite number?
False
Suppose -4*n - 2*y = -4, -3*n - 3*y + 6 = -4*n. Suppose n = 5*o + 5*c - 995, -1368 + 373 = -5*o + 3*c. Is o a prime number?
True
Let p = 201 - 283. Let r = p - -161. Is r a composite number?
False
Let k(f) = -39*f + 2. Let z be k(4). Suppose -884 = -10*p + 6*p. Let c = z + p. Is c composite?
False
Suppose 0 = 5*l - 309 - 526. Let m = -100 + l. Is m composite?
False
Let m(z) = 6*z**2 + 2*z - 1. Let v be 4/1*3/(-6). Is m(v) prime?
True
Let n = -96 + 147. Is n a composite number?
True
Suppose 2*h = 2*c - 12, -2*h - h + c = 12. Let p(k) = -5*k**2 - 4 + 0*k**2 - 4*k - 10*k**3 + 2*k**2. Is p(h) a composite number?
False
Is 8/(-10) + 28713/85 a composite number?
False
Suppose m + m = -2*o, -4*m + 18 = -2*o. Suppose 4*u = m*u + 2. Suppose -2*z + 132 - u = 0. Is z a prime number?
False
Suppose 